e the highest common factor of g and c.
4
Suppose -30 = -2*l + 42. Let i = 9328 + -9202. What is the greatest common divisor of i and l?
18
Let l = 18857 - 9289. Calculate the greatest common factor of 32 and l.
32
Let a(c) = 32*c - 20. Let i be a(5). Suppose 3 = p + 2*y, 5 - 17 = -4*y. Let q be 1/p + 1118/78. What is the highest common factor of q and i?
14
Let s(d) = -2*d - 26. Let c be s(-14). Suppose 3*y + 3 = 3*t, 0 = 3*t - c*y - 3 - 3. What is the highest common factor of 44 and t?
4
Let u be (1/1 - -2)*2. Let l(a) be the third derivative of -5*a**4/24 - 52*a**3/3 + 234*a**2. Let q be l(-25). What is the greatest common factor of q and u?
3
Let z(f) = -3*f**3 + 3*f**2 + 3*f - 1. Let l be z(-3). Suppose -9*m - 4*m = 282 - 1738. Calculate the greatest common factor of m and l.
14
Let c(h) = -8*h**3 - 3*h**2 - 3*h - 2. Let j be c(-2). Suppose 90960*p = 90655*p + 427000. Calculate the greatest common divisor of j and p.
56
Let o(j) = 7*j**2 - 19*j + 94. Let d be o(0). Calculate the greatest common divisor of 1363 and d.
47
Let q be 611*(-3 - (-510)/125 - 254/3175). Let o(s) = 2*s**3 - 2*s - 1. Let u be o(3). What is the highest common factor of q and u?
47
Suppose 3*b + 1 = -53. Let p = b - -31. Let i be (4 - 1) + p + -3. Calculate the highest common divisor of i and 1.
1
Let w = -29 + 40. Let b = w + 28. Let s(j) = j**2 + 13. Let v be s(0). What is the greatest common divisor of b and v?
13
Suppose 0 = 2*n - 19*f + 20*f - 502, -5*n + 4*f + 1242 = 0. Calculate the highest common factor of 20 and n.
10
Let l be -33 - -1 - -5 - 4. Let s = l - -295. Calculate the highest common divisor of s and 48.
24
Let z be 63*40/(-280) - (2 - 740). Calculate the greatest common factor of z and 117.
9
Let z(b) = -b**3 + 2*b**2 + 3*b - 1. Let g be z(2). Suppose 5*p - k - 26 = 0, -g*p - k = -p - 19. Let q = p + 60. What is the highest common divisor of q and 5?
5
Suppose 38 + 4 = 2*y. Let i = 2091 + -2035. What is the greatest common divisor of y and i?
7
Let r(i) = 1 + 120*i - 121*i - 5. Let g be r(-4). Suppose 2*h - 4*t - 112 = g, 3*h - 172 = -h - 5*t. What is the greatest common divisor of h and 384?
48
Let b = -218 + 369. Let q = -136 + b. What is the highest common factor of q and 135?
15
Suppose -10*l - 2403 + 5283 = 0. Calculate the highest common divisor of l and 540.
36
Suppose v - u - u = 13, -v - 7 = 2*u. Suppose 8 = -q + v*q. Suppose 8 = z + q. Calculate the highest common factor of z and 24.
4
Suppose 1078 - 162 = 2*h - o, 0 = 2*h + 3*o - 932. What is the highest common divisor of 8 and h?
4
Suppose -3*y = -3, -19*z - 4*y = -18*z - 10. Let a = 334 - 189. Suppose a = 5*h - 5. What is the greatest common divisor of h and z?
6
Let q = -333 - -332. Let f be (0 - q)/((-95)/(-23180)). What is the highest common divisor of 4 and f?
4
Let m = -6662 - -6754. Calculate the greatest common factor of 188 and m.
4
Suppose -5*b + 16 + 9 = 0. Suppose -b*m - 1 = -6. Let i be (-3)/(m/(4 - 3)) - -25. Calculate the greatest common factor of i and 198.
22
Let y = -23651 - -23751. What is the highest common divisor of y and 11075?
25
Let i(x) = -x**3 + 7*x**2 - 9*x + 20. Let h be i(6). Suppose h*u = 166 + 134. What is the highest common factor of 200 and u?
50
Suppose 2496 = -280*n + 344*n. Suppose -2*h + d + 29 = 0, 3*h - 8*h = 4*d - 53. What is the highest common divisor of n and h?
13
Let c = 8751 + -5946. Suppose 0 = 3*j - c + 1530. Calculate the greatest common factor of 25 and j.
25
Suppose -5*y = -5*h - 795, -306 = -3*y - 3*h + 165. What is the greatest common factor of y and 16?
2
Let b = -172 - -186. Suppose 5*l - 104 + b = 0. Calculate the highest common factor of 54 and l.
18
Let b(u) = -24*u**3 - 12*u**2 - 8*u + 8. Let z be b(-2). Calculate the greatest common divisor of 444 and z.
12
Let h(n) = -6*n**2 + 40*n + 43. Let m be h(7). What is the highest common factor of 11281 and m?
29
Suppose -82*i + 129162 = -9*i - 7*i. What is the highest common divisor of i and 309?
103
Suppose 4216 = 48*j - 1160. Calculate the greatest common factor of j and 112.
112
Let l = 664 + -657. Let i be 12/(-42)*l*-2. What is the greatest common divisor of i and 2?
2
Suppose 2*o - 12 = 4*u, 89*o = 88*o + 3*u. What is the highest common divisor of o and 1611?
9
Let g be (45/(-10) + 5)*1028. Let k = -364 + g. Calculate the highest common divisor of 40 and k.
10
Let f(a) = 22*a**2 - 16*a - 10. Let n be f(-6). Suppose 3*y - 11 = 4, -4*y = 3*u - n. What is the greatest common factor of u and 26?
26
Suppose 5*q + 2 = -3. Let o be (q - (-4)/(-8))*(-8)/3. Suppose m - 12 = 2*g, -o*m = -g + 2*g - 66. What is the greatest common factor of 144 and m?
16
Let o(t) = -t - 2. Let g(v) = 9*v - 49. Let b(w) = g(w) + 6*o(w). Let m be b(25). What is the greatest common factor of m and 238?
14
Suppose l - 119*m + 123*m = 152, m = -2*l + 283. Calculate the highest common divisor of 15 and l.
5
Let y be (-2)/4*(0 - 6). Suppose -3*m - 3*q = 27, 0 = -y*m + m + 3*q + 2. Let h be 2 - (2 + 2 + m). What is the greatest common factor of h and 15?
3
Let z(o) = 25*o. Let x be z(1). Suppose 0 = -2*h - 5*q + x, -12 = -h + 3*q - 5*q. Suppose -110 = -4*d + 50. What is the highest common factor of d and h?
10
Let o = 69 + -39. Let l = 47 + -49. Let v be (1 + 6/(-4) - l)*o. Calculate the highest common factor of v and 5.
5
Let o be 1487 + (13 - (-8 + -34)/(-7)). What is the highest common divisor of 72 and o?
18
Let p be (-1)/2*(-144670)/37. Suppose -5*r - i + 1485 = 0, -4*r - 5*i = -p + 767. Calculate the greatest common divisor of r and 3.
3
Let a(u) = 4*u + 128. Let c be a(-27). Calculate the greatest common divisor of 3380 and c.
20
Let x be 349/5 + (-6)/(-30 + 0). Suppose 6*n + x = 166. What is the greatest common factor of n and 56?
8
Let p be (-7 + 21 - -7)*11. What is the greatest common divisor of 147 and p?
21
Let l = -241 - -376. Suppose 15*s + 540 = 21*s. Let g = -75 + s. What is the greatest common factor of l and g?
15
Let l(w) = -w + 9. Let n be l(-7). Let v be 624/9*(22/4 - 4). Suppose 2*q = 15*q - v. What is the highest common divisor of n and q?
8
Suppose l - 7 = 3*x, -5*x + 2*l = 14 - 1. Let r(p) = -9*p**3 - 2*p**2 - 2*p - 1. Let c be r(x). Calculate the greatest common factor of c and 104.
8
Let l = 27 - 0. Let s be 4*((-540)/16)/(-15). Calculate the highest common factor of s and l.
9
Suppose -5*c - 2*x = -3*c - 1084, 2*x = c - 548. Suppose 8304*m - 8221*m - 1549 - 1273 = 0. What is the greatest common factor of c and m?
34
Let m = -6291 - -7544. Calculate the highest common divisor of 895 and m.
179
Let p = 27 + -14. Let i(q) = q**3 - 13*q**2 - 7*q + 3. Let j be i(p). Let x = -82 - j. Calculate the greatest common divisor of x and 66.
6
Let h = -9107 + 10020. Calculate the greatest common factor of h and 5395.
83
Suppose -12*k - 496 = 680. Let l = k + 231. What is the highest common factor of l and 21?
7
Suppose 2*i = -2*c + 6*i - 100, 2*i - 6 = 0. Let r be (0 - 2)*1694/c. What is the highest common factor of r and 11?
11
Suppose 79*b + 294 = 85*b. What is the highest common factor of b and 889?
7
Let g be 1*(-3 + (-5)/(-5)*1). Let i be (g - 0) + 3 + 122. What is the greatest common divisor of i and 3?
3
Let v = 28 + -24. Suppose 4*m - m - v*j - 2 = 0, -2*m + 6 = 2*j. Suppose -h = 2*t - 32, 2*t = -m*h + t + 52. What is the greatest common divisor of h and 216?
24
Let l(g) = -3*g**3 - g - 1. Let q be l(-1). Suppose 0 = q*a + 8 - 2. Let u be a/(-8) + 124*(-5)/(-80). What is the highest common divisor of 16 and u?
8
Suppose 3*a + 19 = 5*r, 0 = 2*a + 4*r - 15 - 9. Let h be ((-8)/(-12))/(a/6). Suppose -h*d = -9 - 21. Calculate the greatest common factor of 165 and d.
15
Let j be (-42)/(1/((-4)/(-1))). Let x be (6/4)/((-18)/j). What is the highest common divisor of x and 70?
14
Let v(q) = -9*q**3 + 3*q + 2. Let y be ((-6)/9)/((-7)/((-21)/2)). Let i be v(y). Calculate the greatest common divisor of i and 80.
8
Let f = 39 - -3. Suppose 0 = -401*j + 420*j - 2660. What is the greatest common divisor of j and f?
14
Let t be 2944/138 + (-4)/(-6). Calculate the greatest common divisor of t and 385.
11
Suppose 0 = 3*o - 52 - 56. Suppose o = 2*x + x. Calculate the greatest common divisor of 348 and x.
12
Let t = 4310 + -4306. What is the highest common factor of 13 and t?
1
Let a = -6703 + 7374. What is 